= j*m(k) + 2*o(k). Determine f(-4).
-8
Let p(h) = h**2 + 9*h + 21. Suppose -21*b + 574 = 700. Determine p(b).
3
Let v(o) = -o - 6. Let k be (-2 - (-56)/(-12))*12/(-16). Let d(b) = 6*b - 23. Let g be d(k). Calculate v(g).
-13
Let v(y) = y**2 - 6*y + 3. Let t be 6/4*(-1 - (-66)/18). Let g be -2*1 - (-1)/1*t. Suppose -5*a + 17 = g. Calculate v(a).
-6
Let v(n) = 162*n + 978. Let b be v(-6). Let z(f) = -3*f + 17. What is z(b)?
-1
Let a be 1/1 - (3 + -7)/1. Suppose 8 = -m - a*c + 9*c, 2*m - 12 = c. Let u(o) = -o**2 + 7*o + 4. What is u(m)?
-4
Let u(p) = -p**2 + 23*p + 74. Let l(h) = -3*h**2 - 15*h + 26. Let v be l(0). What is u(v)?
-4
Let g(c) be the second derivative of c**5/20 - c**4/6 - c**3/6 - 5*c**2/2 + c. Let y = -2716 - -2720. Calculate g(y).
23
Let b = 55 + -57. Let w be (2 - b) + 20/10. Let u(n) = -n**3 + 5*n**2 + 7*n - 1. Determine u(w).
5
Let p(t) = -1 - 2*t**2 - 18*t**3 + 9*t + 19*t**3 - 7*t**2. What is p(8)?
7
Let q(a) = 50*a + 17*a - 84*a + 20*a - 48. Calculate q(10).
-18
Let a(w) = -5722 - 5744 + 11442 + 7*w + 2*w**2. What is a(3)?
15
Suppose 5*z - u = 71, -3*z + 10*u + 57 = 7*u. Let p(i) = -i**3 + 13*i**2 + i - 1. Determine p(z).
12
Let z be 2 + 1073 + 5 + -1. Let h(u) = 14*u**2 + z - 1079. Calculate h(-1).
14
Let k(s) = 8*s**2 - 12*s**2 + 19*s + 3 - 13*s. Let n(r) = 7*r**2 - 13*r - 5. Let c(x) = 5*k(x) + 3*n(x). What is c(8)?
-8
Let w(c) = 4*c + 8. Let m(h) = 11*h + 550. Let p(l) = -5*l - 275. Let k(x) = 3*m(x) + 5*p(x). Let o be k(-35). What is w(o)?
-12
Suppose 0 = 2*n - 5*g - 68, 5 - 53 = -n - g. Suppose -17*l + 21*l = n. Let x(c) = c - 15. Let w be x(l). Let a(j) = -3*j. Give a(w).
12
Let b = -43 - -33. Let g(r) = -3*r - 32. Let p be g(b). Let t(x) = -x + 1. Let o(a) = 3*a - 3. Let d(l) = 4*o(l) + 11*t(l). Give d(p).
-3
Let q(v) = 7*v - 103. Let x be q(15). Let u(n) = -8 - 8*n - 7 + 26 + x*n**2 - 7 - 5. Determine u(6).
23
Let v(w) = w**3 - 6*w**2 + 6*w - 1. Let x(m) = m**2 + 5*m - 4. Let o be x(-6). Let y(r) = 2*r + r**o - 6 + 2 + 0. Let h be y(2). Determine v(h).
-9
Let z(v) = 3*v**2 - 2*v - 1. Suppose 15 = 4*u - 25. Suppose -2*o - 6 + u = 0. Let a = -4 + o. What is z(a)?
15
Let i(q) be the second derivative of -7*q**6/720 + 19*q**4/12 + q**2/2 + 17*q. Let v(p) be the third derivative of i(p). What is v(-5)?
35
Let l(t) = t - 3. Let m be (-6)/(-10)*(-130)/(-39). Suppose 0 = -3*p - 5*h + 31, -15*h = m*p - 16*h - 12. Give l(p).
4
Let g(j) = j**2 - 3*j - 8. Let p be g(5). Let b(q) = 3*q - 21 + 8 + 13 + 4*q**p. Determine b(-3).
27
Let d(s) = -9*s - 8*s - s - 4*s**2 + 1 + 22*s - s**3 + 10. Determine d(-5).
16
Let l(d) be the third derivative of -d**5/60 + 5*d**4/3 - 17*d**3/3 - 3685*d**2. Give l(39).
5
Let c(w) = w**2 - 93*w - 2118. Let y be c(-19). Let r(m) = -2*m - 10*m + 6 + 11 - 4*m**2 + 5*m**2. Calculate r(y).
-3
Let f(v) = v + 6. Suppose -3*c - a = -67, 2*a = -4*c - 3*a + 93. Suppose 0 = 10*k - 112 + c. Suppose -6 - k = 3*z. Calculate f(z).
1
Suppose -2*v - 6 = g, 2*v + 22 = 6*g - 3*g. Let u(s) = -3 + 0*s + 3*s + 8 + 0 - 4. Calculate u(g).
13
Let y(c) = 2*c**2 + 4. Suppose 14*j - 50 = 20. Suppose -j*f = -3*f + 6. Give y(f).
22
Suppose d - 64 = -2*z, 8*z - 4*z - 2*d = 120. Let u = -29 + z. Let w(v) = -2*v**3 + 2. What is w(u)?
-14
Let c(a) = -3*a**3 + a**2 + 7. Let t be (1/(-2))/((-60)/240). Determine c(t).
-13
Let w(c) be the first derivative of 3*c**3 + 3*c**2 + 5*c - 915. What is w(-1)?
8
Suppose 8*w = 26 + 62. Let o(t) = 18 - 3*t + 3*t + t - 8*t - w. What is o(-7)?
56
Let v(r) be the second derivative of 4*r**3/3 + r**2/2 + 29*r. Let g = 23 + -21. Suppose g*z = -5*z + 7. Give v(z).
9
Let r(k) = k - 7. Let j = -209 - -350. Suppose -2*o - 77 + j = 0. Let b = -26 + o. Determine r(b).
-1
Let t = -541 - -543. Let k(y) = y**3 - 118 + 8*y**2 + 208 - 102 - 9*y + 3*y**2 - t*y**3. What is k(10)?
-2
Let z(w) = w**3 - 6*w**2 + 7*w - 1. Let y be z(5). Suppose -y = 3*i - 3. Let c(d) = 55*d + 4 - 27*d - 25*d + 6 - 8. What is c(i)?
-4
Suppose -471 = -65739*m + 65896*m. Let w(s) be the second derivative of -2*s**2 + 2*s + 0 - 1/3*s**3. Give w(m).
2
Let n(w) be the third derivative of 1/60*w**5 + 0*w + 33*w**2 + 1/3*w**3 + 1/4*w**4 + 0. What is n(-5)?
-3
Let t(a) = -13*a**3 + 38*a**2 + 21*a - 108. Let c(x) = 21*x**3 - 58*x**2 - 32*x + 162. Let d(v) = 5*c(v) + 8*t(v). Calculate d(-13).
11
Let i(z) = 7*z**2 - 9*z + 10. Suppose -18 = -5*g + 2. Let o(q) = -2 + 3 + 3*q + q**2 - g*q. Let b(p) = -i(p) + 6*o(p). Determine b(4).
-8
Let p be 2/7 + (-10)/(-14). Let i(s) be the third derivative of s**6/60 + s**5/30 - s**3/6 + 127*s**2 - 4. What is i(p)?
3
Let h(l) be the third derivative of l**6/360 + l**4/6 - 41*l**3/3 - l**2 + 19. Let w(u) be the first derivative of h(u). Give w(-3).
13
Let k be ((-16)/(-12))/4*0. Let m(u) = -10*u - 1 + 3*u**2 - 2 + k - 4*u**2. What is m(-11)?
-14
Let i(n) = 5*n + 14. Suppose -45*w - 432 = 27*w. What is i(w)?
-16
Let f be ((-11)/(165/27))/((-12)/20). Let t(y) = y**3 - y**2 + y. Let k be t(1). Let w(d) = -3*d - k + 0*d + 2 + 2*d. Determine w(f).
-2
Let a(y) = -22*y - 134. Let r(j) = -50*j - 274. Let o(s) = -5*a(s) + 2*r(s). Determine o(-13).
-8
Let i(q) = q**2 + 8. Suppose -4*l = 3*y + 2, -5*l + 3 = y + 11. Suppose 5*u = -2*c - y, 3 = 7*u - 4*u - 3*c. Calculate i(u).
8
Let k(v) = -8*v - 1034359 + 35*v + 1033580. Determine k(29).
4
Suppose -9*d = d - 190. Let c be -2 + (3 - 4) + d. Let p(l) = -l**2 + c*l - 7*l - 7 - 8*l - 8*l. Give p(-6).
-1
Let t(c) be the first derivative of c**3/3 - 7*c**2/2 - 2*c + 10. Suppose 30*w - 23*w - 28 = 0. Give t(w).
-14
Let s(a) be the second derivative of a**5/20 + 5*a**4/6 + 2*a**3/3 - 25*a**2 + 975*a. Give s(-9).
-5
Let q(i) = i - 2. Let r(f) = f**3 + 8*f**2 + 9*f + 16. Let k be r(-7). Let o be q(k). Suppose o*w = 3*w - 9. Let z(a) = -a + 6. What is z(w)?
3
Suppose -3*a + 9 = -5*n, 9 = -3*n + 5*a - 2*a. Let u(j) = -5*j**2 - j + 2. Let o(p) = -12*p**2 - 2*p + 3. Let h(s) = 2*o(s) - 5*u(s). Determine h(n).
-4
Let p be (3/3 - 2)*0. Suppose p*l = 2*l + 6. Let t(y) be the third derivative of -y**5/60 + y**4/24 + y**3/3 - 725*y**2. Give t(l).
-10
Let k(b) = -10*b**3 - 960*b**2 + 3*b + 296. Let o be k(-96). Let u(z) = 7*z**2 - 53*z - 15. Give u(o).
9
Suppose 42*h = 7*h - 175. Let c(d) = d**2 + 3*d - 5. Let a be c(-4). Let u(w) = w. Let r(b) = b + 2. Let l(x) = a*r(x) + 3*u(x). Determine l(h).
-12
Let b(z) = z**3 - 3*z**2 - 16*z + 35. Suppose -2*v + 4*v = 4*i - 2, 10 = -5*i + 5*v. Calculate b(i).
-13
Let u be 4*(-12)/(-16) - (-72)/(-4). Let i be (0 - 3/(-5))/((-3)/u). Let n(j) = 5 + 0 - j**2 + i + 2*j**2 - 8*j. Give n(6).
-4
Let q = 8226 - 8220. Let p(w) = 2*w**2 - 16*w + 44. Determine p(q).
20
Let q(r) = 8*r + 1. Let c(k) = 29*k + 12. Let n(y) = c(y) - 4*q(y). What is n(-3)?
17
Let s(i) = -i**2 + 4*i + 1. Suppose -9*g = -18 - 0. Suppose -g*z + 9*h + 4 = 10*h, -z - h = 0. What is s(z)?
1
Let u(k) = 1019*k - 337*k - 339*k + 18 - 342*k. Calculate u(-12).
6
Let u(j) be the first derivative of -1/3*j**3 + 143 + 4*j + 2*j**2. Give u(4).
4
Let t = 158 + -157. Let z(u) = -u**3 - u - 1. Let n(b) = b**3 - b - 4. Let j(y) = -n(y) + 3*z(y). Determine j(t).
-5
Let a = 6652/19965 - -1/6655. Let g(i) be the second derivative of 0 + 4*i - a*i**3 + 7/2*i**2. Determine g(5).
-3
Suppose -4*u + 8*b + 283 = 3*b, -71 = -u + b. Let t = -73 + u. Let z(h) = 12*h**2 - 2*h - 2. Determine z(t).
12
Let s = -42 + 75. Let c(w) = -s + 86 - w - 34. Give c(14).
5
Let x(v) be the third derivative of -5/6*v**3 + 0 + 0*v - 13/24*v**4 - 15*v**2. Let f be x(-1). Let w(m) = m**2 - 7*m - 10. Give w(f).
-2
Let g(l) = -13*l - 8. Let u(c) = -1. Let o(k) = -g(k) - u(k). Give o(-3).
-30
Let j = -247 - -252. Suppose -4*l - 4*g - 5 = -21, 20 = j*l + 3*g. Let t(i) = -i**3 + i**2 + i + 3. Give t(l).
-41
Let w(x) = x**2 + 2*x - 8. Let f be w(-6). Let n(l) = -1 + l**2 - 3*l**2 + f*l + l**2 - 9*l. Let v(m) = m**2 + 7. Let i be v(0). Calculate n(i).
-1
Let y(s) be the third derivative of -5*s**4/24 - 7*s**3/6 - 64*s**2 + 7. Determine y(-10).
43
Let c = -2 - -11. Let r(v) = -3*v + 2. Let x(h) = 16*h - 14. Let m(g) = -15*r(g) - 3*x(g). Let y(t) = 7*t - 23. Let j(z) = c*m(z) + 4*y(z). Determine j(0).
16
Let v(u) = -u**2 + u - 1. Let c be (0 + 1 + -1)/(-3). Suppose c = -s - 0 + 1. Suppose -3*f + 4*t = 12, 4*f + s - 7 = -2*t. Determine v(f).
-1
